Let s(n) = -168*n + 2. Let t be s(-3). Is t - (7 - 3/1) a prime number?
False
Let y(j) = 2*j - 7. Let b(t) = -t**3 + 6*t**2 + 5*t - 5. Let w be b(5). Suppose -d = -4*o + 47, -4*d = -5*o - 0*d + w. Is y(o) prime?
True
Suppose 0 = 5*y - 6*y + 3. Suppose y*j - 809 = 46. Suppose -w = -6*w + j. Is w composite?
True
Is 12/16 - 599696/(-64) a prime number?
True
Let w(t) = -1260*t - 39. Let d be w(-5). Let i = d - 4163. Is i composite?
True
Let m(h) = -364*h - 46. Let r be m(16). Is (((-5)/(-2))/(-5))/(5/r) a composite number?
False
Let q = 66 - 78. Is (-23780)/(-24) - 2/q a composite number?
False
Let a(s) = 0*s**2 - 42*s + 3*s**2 + 39*s - 2*s**2 + 29. Is a(-15) prime?
False
Suppose 0 = -q - 2*c + 4441, 0 = -2*q - 3*q - c + 22205. Is q prime?
True
Is (4 - 7) + 1363 + (-3 - -4) composite?
False
Suppose 15433 = 3*c + 4*d, -2*c - 953 + 11238 = -d. Is c composite?
True
Let u be (3 - 2)/((-2)/(-10)). Suppose 0*n + q + 2 = 3*n, u*n - 2*q = 2. Is -212*n/(-24)*3 composite?
False
Let b(f) = -f - 7. Let p be b(-9). Let w be 4/((-4)/8*p). Is (-553)/w + 3/4 a composite number?
False
Let b = -522 + 1051. Is b composite?
True
Let q(d) = 1710*d - 31. Is q(16) composite?
False
Let q(p) = -70*p + 18. Let w be q(-7). Suppose -w = -11*o + 7*o. Is o prime?
True
Suppose -t = -10*d + 6*d - 1517, -d - 7566 = -5*t. Is t a prime number?
False
Is (-145)/5*-83 + 4 prime?
True
Let v be 2/8 + 15/(-60). Suppose -a - 81 + 710 = v. Is a composite?
True
Let j(m) = -1638*m**3 + m**2. Let x be ((-4)/(-6) + -1)*(-5 - -8). Is j(x) composite?
True
Let o(j) = 2 - 2 - 9*j - 29*j + 3. Is o(-8) a prime number?
True
Suppose -5*k - 9*w = -4*w - 227390, 4*k - 181936 = 4*w. Is k prime?
True
Let y(f) = -2*f + 10. Let d be y(-9). Suppose 0*b + 20 = 3*b - p, 2*b + 3*p = d. Let v = b + 3. Is v composite?
False
Let o be (-6)/(-39) - (-125260)/52. Suppose -o = -5*n - 874. Is n composite?
False
Let w be (12/8)/(12/40). Suppose -2*l + 242 = -0*l + w*v, 0 = -2*l - v + 226. Is l a composite number?
True
Suppose -4*p - 2*g - 2*g = -45392, 3*p - 4*g - 34065 = 0. Is p prime?
True
Suppose -12*l + 1252 + 3416 = 0. Let x = 660 + l. Is x a prime number?
True
Is 9 + 133/(-14) + (-5007)/(-2) a prime number?
True
Suppose u + 2 = 1. Let s be 3 - u - (-4)/(-1). Suppose s = 4*d + 8, 5*b - 75 = -2*d + 496. Is b composite?
True
Suppose -5*z + 21418 = 4153. Suppose -5*q + 3443 = c, 4*q = -q + 4*c + z. Is q a composite number?
True
Let s = 25 - 13. Let b(f) = 19*f**3 - 14*f**2 + 16*f + 6. Let h be b(s). Is (-2)/(-14) + h/21 a prime number?
False
Let p(g) be the third derivative of g**5/60 + g**4/24 - g**3/6 + 2*g**2. Let j be p(-2). Is 0 + j - 4 - -202 composite?
False
Let p(b) = -76*b + 279. Is p(-10) composite?
False
Let f(h) = -4*h. Let k be f(-1). Suppose 3*b = -5*s + 3601, 5*b - 3*s - 5955 = -2*s. Suppose -1332 = -k*z + b. Is z composite?
False
Let x(o) = -1200*o - 71. Is x(-7) prime?
True
Let s(q) = 351*q + 58. Is s(13) a composite number?
False
Let x(i) = -i**3 + 6*i**2 + 3*i + 12. Let o be x(7). Let w be o/12 - (-25)/3. Suppose 1036 = w*d + 427. Is d a prime number?
False
Suppose -37*d + 38*d = 3*q + 12871, 4*q - 103024 = -8*d. Is d composite?
True
Let i(k) be the second derivative of 2*k**4/3 - k**3 + 4*k**2 + 11*k. Is i(5) a prime number?
False
Let q(w) = -15*w**3 - 4*w - 2. Let b be q(-3). Suppose 439 = h - 2*g - 2*g, h + 4*g = b. Is h a composite number?
True
Suppose -5*c = -2*c - 12. Let r be (30/8)/5*c. Suppose -699 = -g - 2*a, -r*g - a + 2108 = -6*a. Is g prime?
True
Let l(i) = 2*i**2 - i - 1. Let o be l(-2). Is ((-53)/(-2))/(o/18) a prime number?
True
Let b(v) = -v**2 + 12*v - 24. Let o be b(8). Suppose -93 = -11*q + o*q. Is q prime?
True
Let c(s) = s**2 + 19*s - 13. Is c(7) a composite number?
True
Suppose 0 = -4*f + z + 2*z - 124, 108 = -4*f - z. Is (f/16)/((-2)/232) a prime number?
False
Suppose -189*f + 161*f = -1161748. Is f a prime number?
True
Let q(c) = c**2 - 11*c + 6. Let o be q(7). Let u = o - -27. Suppose 2*l = -4*s + 166, -u*l - 6*s + 421 = -2*s. Is l composite?
True
Let z be (4/4)/(2 + -3). Let b be (1/z - 0)*-395. Let g = -60 + b. Is g prime?
False
Let c(j) = j - 1. Let x be c(8). Suppose -5*t - x = 8. Is (-1 - t)*37/2 a prime number?
True
Is (-16508)/(-10) + 6 + 3/15 a composite number?
False
Let z be 6/(-21) + (-111936)/(-21). Suppose 2*w + z = 7*w + 5*g, -5*g = -5*w + 5340. Is w a prime number?
False
Let l be (6 + -5)*(181 - -1). Suppose 7*d = 2*d + 1155. Let t = l + d. Is t a prime number?
False
Let l be ((-6)/(-10))/(2/10). Suppose -l*n + 4*z + 10 = 0, 2*n + z = -z + 2. Is 101 + n*(0 + 1) a composite number?
False
Let o(n) = 171*n**3 + 3*n**2 - 2*n. Let m be o(2). Suppose -423 = -7*a + m. Is a prime?
True
Let v be ((-16)/12)/((-6)/9). Suppose 3*i - v*i = 242. Let o = i + -51. Is o prime?
True
Suppose -16 + 4 = -4*p. Let s(v) = v - 1. Let t(n) = 26*n**2 - 3*n. Let c(f) = 6*s(f) + t(f). Is c(p) a composite number?
True
Suppose -5*q - 29971 = -3*b + 36349, b + 5*q = 22140. Is b prime?
False
Suppose 12*x + 3281 = 3*y + 16*x, -x - 5499 = -5*y. Is y prime?
False
Suppose 5*d + 31 = 4*y, 5*y - 3*d + 0*d = 29. Suppose y*b + 757 = p, -2*p - 3*b + 1675 = 172. Is p a composite number?
True
Suppose 4*h + 17 = -5*y - 0, -3*h - 4*y = 14. Suppose 0 = -3*i + u - h, 5*u + 8 + 8 = 2*i. Is (-306)/i - (1 - -3) a composite number?
False
Let x(g) = -g**3 - 9*g**2 + 18*g - 2. Let y(b) = -b**3 + 10*b**2 - 12*b + 15. Let d be y(9). Is x(d) a prime number?
False
Let u = 49448 - 35167. Is u a prime number?
True
Let j(c) = -12*c - 19. Let z(q) = q**3 + 3*q**2 + q + 5. Let x be z(-4). Is j(x) a composite number?
True
Let j(f) = -f + 1. Let k be j(2). Let z(n) = -779*n**3 + n**2 - 1. Let y be z(k). Suppose 39 + y = 2*m. Is m a composite number?
False
Let n(b) = -b**2 + 6*b - 4. Let j(l) = -l**3 + 4*l**2 + 2*l - 2. Let t be j(4). Let m be n(t). Let f(c) = 2*c**2 - c + 2. Is f(m) a prime number?
False
Let t(m) be the first derivative of -m**4/4 + 13*m**3/3 + 11*m**2/2 + 9*m + 8. Is t(10) a prime number?
True
Suppose 1248*b = 1259*b - 33407. Is b composite?
False
Let g be 3*(80/12)/4. Suppose -3*o + 1401 = 3*r + 393, g*r + o = 1684. Is r a composite number?
False
Let x(j) = -7 - j - j - 8*j**2 - 4*j**2 + 14*j**2. Is x(-12) prime?
False
Let r(h) = h - 16. Let n be r(15). Let w(m) = -2*m. Let u be w(n). Suppose -a = -2*g + 690, -u*g + 997 = -4*a + 319. Is g a prime number?
True
Let p = -74 - -78. Let d(w) = 172*w - 9. Is d(p) a prime number?
False
Let o(p) = -2*p + 18. Let m be o(9). Suppose q + 3*l = 2490, 2*q - 2*l = -m*l + 5020. Suppose 0*d - 5*d + q = 0. Is d composite?
True
Let m be -5 + 2 - (-11 - 1823). Suppose m - 6825 = -2*f. Is f a prime number?
False
Suppose -171*c + 173*c = 12682. Is c prime?
False
Suppose -4*k + 440 + 4465 = 3*u, 2*u - 2*k - 3284 = 0. Is u a prime number?
False
Let h(b) = -2*b**3 - b**2 + b - 1. Let f be h(1). Let s be (6/(-8))/((-3)/12). Is 2 + f + s - -77 composite?
False
Let d(h) = -h**2 - 3*h - 1. Let s be d(-2). Let x = s + 8. Suppose 0 = x*k - 3*k - 3522. Is k prime?
True
Suppose 19*r = 188836 - 3453. Is r composite?
True
Let i = -3188 + 2262. Let t be (8 + -4)*i/(-8). Suppose -t = -4*v - 131. Is v a prime number?
True
Let i = 88 + -11. Let d = i + -34. Is d composite?
False
Let s = 67 + -1. Suppose -2*j + 4*z = -50, j = -z - 14 + 27. Suppose -m = j - s. Is m a prime number?
False
Suppose -3*p + 4*q = p - 4, -5*q - 25 = 0. Is (-3012)/(-9) + p + 3/9 prime?
True
Suppose 2*h + 3 = 7. Let j be h/6 + 1688/12. Suppose 2*k - j - 97 = 0. Is k composite?
True
Let w = 24 + -13. Let s(h) = 5*h**3 - 44*h**2 - 30*h - 16. Let i(z) = -z**3 + 9*z**2 + 6*z + 3. Let g(p) = w*i(p) + 2*s(p). Is g(11) a composite number?
False
Let h(r) be the third derivative of r**4 - 83*r**3/6 + r**2 - 17*r. Is h(9) prime?
False
Suppose 3*p - p - 38 = 3*a, p - 34 = 3*a. Is 159/6*(-20)/a composite?
False
Suppose n = -5*r + 194252, -9*r + 11*r - 3*n - 77711 = 0. Is r prime?
True
Suppose -15*a - 7*a + 9482 = 0. Is a a composite number?
False
Let m(b) = -103*b + 11. Let l = 3 + 2. Let p be m(l). Let u = 739 + p. Is u composite?
True
Let x = 12412 + 26691. Is x a prime number?
True
Suppose -8*l = -7*l. Suppose 2*d - 5*h + 3548 = 6*d, l = -2*d - 5*h + 1774. Is d a composite number?
False
Suppose 21*p - 20887 = 20*p. Is p a